uppose 5*y + f = -0*f + u, -2*y + 28 = -4*f. Let c be (-18)/y*(-5 + 0). Calculate the highest common factor of c and 18.
9
Let b = 11 + -15. Let w be 63 - -2*(-2)/b. Suppose -2*d - 21 - w = -i, 0 = 3*d + 12. Calculate the greatest common divisor of i and 11.
11
Let x be (-4)/(-22) + (-3222)/(-66). What is the highest common divisor of 7 and x?
7
Let b(c) = c**3 - 2*c**2 + 2*c + 1. Let r be b(3). Suppose 5*p = -2*h + 38, 2*p - 18 = -0*h + 2*h. What is the highest common divisor of r and p?
8
Let s be (-6)/(-4)*((-4)/(-2) - 0). Calculate the highest common divisor of 6 and s.
3
Let t be 2 - 76/(-7 + 3). Suppose 8*u = 7*u + t. What is the greatest common factor of 21 and u?
21
Let b(z) = z**3 - 2*z**2 + 8*z - 13. Let i be b(4). What is the highest common factor of 408 and i?
51
Let m be (-3)/(-1)*(0 - -3). Suppose -4*z + 5*u = -6 - 26, 0 = -z - 3*u - m. Suppose x - z*x = -30. What is the greatest common factor of x and 15?
15
Suppose -3*p - 5 + 41 = 0. Calculate the greatest common divisor of 84 and p.
12
Let q = 24 + 11. Calculate the greatest common factor of q and 5.
5
Suppose 4*m = -179 - 57. Let u = -29 - m. Calculate the greatest common factor of u and 20.
10
Suppose -4*d = -6*d + 24. Suppose 0 = 3*n + 5*b - 31, -b = -2*n - 0*b + d. Calculate the highest common divisor of 7 and n.
7
Let q(b) = -b**2 + 13*b - 5. Let k be q(11). Suppose k = 3*f - 1. Suppose -3*x = -4 - 5, -5*x + 45 = 5*d. Calculate the greatest common divisor of d and f.
6
Let p be (-1 - -3)/(14/21). Calculate the greatest common factor of p and 24.
3
Let p = -14 + 20. What is the greatest common divisor of p and 12?
6
Let g(h) = 68*h**2 - 2*h + 2. Let q be g(1). Calculate the greatest common divisor of q and 4.
4
Suppose -12 = -q - 4. Let g = 2 - q. Let k = 0 - g. What is the highest common divisor of k and 15?
3
Suppose -7*j - 105 = -12*j. What is the highest common factor of 1 and j?
1
Suppose -5*q + 2 = -y - 15, -21 = -2*y - q. What is the highest common factor of y and 40?
8
Let q = 19 - -11. Calculate the highest common divisor of q and 18.
6
Let f(x) = -x**2 + 5*x - 2. Let s be f(3). Let b be 1 - -57 - (-1 + 2). Suppose 277 = 5*k + b. Calculate the highest common divisor of k and s.
4
Let c(b) = 2*b + 4. Let i be c(-3). Let p be 264/(-27) + i/9. Let l be (-202)/p + 1/(-5). Calculate the highest common divisor of l and 30.
10
Let t(q) = -q**3 + 11*q**2 + 5*q + 5. Let r be t(5). What is the highest common divisor of r and 120?
60
Suppose 1 = a - 9. Let w = a + -2. What is the greatest common factor of 24 and w?
8
Let p be (-2)/6*-2*9. Let a be (-3)/(p/4*1). Let z be 3*2*(-9)/a. Calculate the greatest common factor of 18 and z.
9
Let g be 6 + 1 + (-5 - -3). Let w = 0 + 0. Suppose 3*x + x + g*r - 24 = w, 18 = 3*x - 4*r. What is the greatest common factor of x and 48?
6
Let i(l) = -l**3 + 6*l**2 - l - 4. Let z = 11 + -7. Let r be i(z). Suppose 0 = -5*j + 37 - 7. Calculate the greatest common divisor of j and r.
6
Let x = -8 - -14. Suppose -3*v - 58 = -v. Let b = v - -53. What is the greatest common divisor of b and x?
6
Let b be 2*1 + (-1 - 4). Let q be 19 + b + (0 - -2). What is the greatest common divisor of 36 and q?
18
Suppose -13 = -5*b + 12. Let m be (-15)/b*20/(-6). Calculate the highest common factor of m and 10.
10
Suppose -4*h - 2*h + 66 = 0. What is the greatest common factor of 121 and h?
11
Suppose 1 = 4*n - 3. Let s be (1 - n)*(0 + -1). Let h be s + 88 + (1 - -1). What is the greatest common divisor of 10 and h?
10
Suppose 3*l + 5*y = -88, -2*l - 2*y = -16 + 72. Let g = l + 37. Suppose -5*m = -n + 1, 2*n + 5*m = 13 + 19. What is the greatest common factor of n and g?
11
Let p be -1*(-1 - 8/2). Suppose k + 3*c + 0 = 9, -p*c - 2 = -4*k. Let l = k + 1. What is the highest common divisor of l and 32?
4
Let i(n) = -n**3 + 5*n**2 + 2*n - 2. Let x be i(4). Suppose -4*k + k - 220 = -4*g, 5*g - 275 = 3*k. Calculate the greatest common divisor of x and g.
11
Let n(r) = -r**2 + 17*r - 9. Let a be n(15). What is the greatest common divisor of 7 and a?
7
Let q = 12 - 1. What is the highest common divisor of 99 and q?
11
Suppose 4*a = -3*g + 69, 5*g + 3*a + 22 = 126. Suppose 0 = -5*d + 2*d - 3*h + 48, -3*h = -3*d + 66. Calculate the greatest common divisor of g and d.
19
Suppose 0 = -0*p - p + 4. Suppose -n + 3*n = p. Suppose 6*k - 2*k + g - 111 = 0, 0 = -n*k - g + 55. What is the greatest common factor of 42 and k?
14
Let k be 312/(-13)*10/(-3). Calculate the greatest common factor of k and 120.
40
Suppose -3*n = -3*i + 4*i + 19, 5*n + 9 = 4*i. Let y be (n/1)/(2/(-8)). Let z = 15 - -5. Calculate the greatest common divisor of y and z.
20
Suppose -2*i + 4*z + 27 = z, -2*i - 5*z = -35. Calculate the highest common divisor of 5 and i.
5
Let g be 12*((-26)/(-6) - 4) + 0. Calculate the highest common divisor of g and 28.
4
Suppose -4*f = -5*x - 40, -3*x = -f - 3*f + 40. Let j = f - -8. What is the greatest common divisor of 9 and j?
9
Let s be -1 + 6 + (0 - 0). Suppose -5*k + 8 = -2, 22 = -3*v + s*k. Let m be v + 6 - (1 - 79). Calculate the greatest common factor of 8 and m.
8
Let o be 10 + (-2 - 0/3). Let i be -165*(o/5 + -2). What is the greatest common factor of i and 6?
6
Let o(n) = -2*n - 3. Let p be o(-14). Suppose -m + 5*w + 40 = w, m = -3*w + 5. Suppose -3*h + h = -m. What is the highest common factor of h and p?
5
Suppose -1 + 5 = 4*x, 0 = -y + 4*x - 2. Calculate the greatest common factor of 12 and y.
2
Suppose -3*b + 36 = 6*b. What is the greatest common factor of b and 12?
4
Suppose 2*u = -5*w + 406, -3*w - 8 = -2. What is the greatest common divisor of u and 16?
16
Let a = -4 - -7. Suppose 60 = 5*o + 5*f - 35, 25 = o + a*f. What is the greatest common divisor of 144 and o?
16
Let h be (-2 - 12/8)*-4. Calculate the highest common divisor of 266 and h.
14
Let x(l) = -2*l**3 - 2*l**2. Let v be x(-2). Let r = 0 + v. Let n(t) = -17*t - 2. Let u be n(-2). What is the greatest common factor of u and r?
8
Suppose 8*k - 727 = 41. What is the highest common factor of k and 24?
24
Suppose 9*t - 175 = -40. What is the greatest common factor of t and 135?
15
Let d(y) = 34*y - 18. Let m be d(3). Calculate the highest common factor of 12 and m.
12
Let w be (-356)/28 - (-2)/(-7). Let t = -6 - w. Calculate the greatest common factor of 35 and t.
7
Let b be (35 + -1 - 1)*3. Suppose -2*u = -5 - 13. Calculate the greatest common factor of u and b.
9
Suppose 47 - 11 = x. Let f be (-2 + 8/5)*5. Let k be (24/(-14))/(f/14). What is the highest common factor of x and k?
12
Let w be (-12)/(-2) + -3 - -29. Let d be w/(-10)*(-5)/2. Suppose d*i - 4*i - 40 = 0. What is the greatest common factor of i and 2?
2
Let c(s) = 8*s - 6. Let l be c(5). Let d be l/3*27/18. Calculate the highest common factor of 119 and d.
17
Let y(a) = -a**3 - 11*a**2 - 12*a - 14. Let r = -2 - 8. Let j be y(r). Suppose -5*i + j + 29 = 0. What is the highest common factor of 14 and i?
7
Suppose 17 + 37 = 2*d - 2*q, -5*d - 5*q = -85. Suppose -2*x = 0, 2*x - 220 = -2*y - 0*x. What is the greatest common divisor of d and y?
22
Let y = -41 + 65. Suppose 0 = -i - 4*i + 4*b - 54, -35 = 3*i - 5*b. Let s = i + y. What is the highest common divisor of s and 70?
14
Let y(f) = -17*f. Let m be y(-1). Let d(k) = -9*k - 1. Let i be d(-2). What is the greatest common factor of i and m?
17
Let z = -2 + 4. Let a(p) = -p**2 - 4*p - 1. Let g be a(-3). What is the highest common divisor of z and g?
2
Let o(f) = 2*f - 6. Let g be o(5). Let v be g/6 - (-6)/(-9). Let s(b) = b**3 - b**2 + b + 14. Let j be s(v). Calculate the greatest common divisor of 126 and j.
14
Let s(m) be the third derivative of 0 - 3*m**2 + 0*m - 1/24*m**4 + 0*m**3 + 31/60*m**5. Let r be s(1). What is the highest common factor of 12 and r?
6
Let d(a) = 5*a**2 - 6*a - 23. Let k be d(-4). What is the greatest common factor of k and 9?
9
Let g(v) = -v**2 + 11*v**2 - 2 + 0*v**3 - 2*v + 0*v**2 + v**3. Let u be g(-10). What is the greatest common divisor of 36 and u?
18
Let s = 32 - -13. Suppose s = 2*c + c. Let n = -7 - -12. Calculate the greatest common factor of n and c.
5
Let v be 4/8*(16 - 2). Let l be ((-6)/5)/(v/(-140)). What is the highest common factor of l and 36?
12
Let m be ((-64)/(-3))/(4/(0 + 12)). Calculate the greatest common factor of 8 and m.
8
Let a be 19